 what is -64287 - -3?
-64284
In base 5, what is 223213 - 13?
223200
In base 12, what is 0 - -176936?
176936
In base 10, what is -313 - -162?
-151
In base 3, what is -1002 - -21111112?
21110110
In base 11, what is 1 + -123606?
-123605
In base 4, what is 10 + -3110230?
-3110220
In base 5, what is -23114 + -1?
-23120
In base 11, what is 322 - 384?
-62
In base 6, what is 5 + -2115?
-2110
In base 15, what is e7 + c5?
1bc
In base 9, what is 187 - -507?
705
In base 5, what is 11 - 131101?
-131040
In base 12, what is -65b09 - -9?
-65b00
In base 5, what is -433 - 32234?
-33222
In base 5, what is 212 - 141112?
-140400
In base 12, what is -52 + 2304?
2272
In base 4, what is 133 + -2011?
-1212
In base 15, what is -13789 - 7?
-13791
In base 13, what is 5325 + -1?
5324
In base 14, what is -6025a + -2?
-6025c
In base 2, what is 10110010110011010000 + 100?
10110010110011010100
In base 12, what is 36a350 + 0?
36a350
In base 10, what is 28449 - 5?
28444
In base 9, what is 3881113 + 1?
3881114
In base 4, what is 133 - -112121?
112320
In base 16, what is 10 + -14619?
-14609
In base 11, what is 136a58 + 0?
136a58
In base 12, what is -7217 - 38?
-7253
In base 16, what is -12 - -52f?
51d
In base 2, what is 110001 + -1111010101?
-1110100100
In base 12, what is 3 + 18156?
18159
In base 3, what is 1011100 - 200201?
110122
In base 5, what is 10 + -100204232?
-100204222
In base 15, what is -60da1 + d?
-60d93
In base 11, what is 186047 - 3?
186044
In base 16, what is -7d + -f63?
-fe0
In base 12, what is 39 + 6b8?
735
In base 15, what is -5430 + -5?
-5435
In base 4, what is 2310 + 201122?
210032
In base 12, what is 713 - -98?
7ab
In base 8, what is -2663 + 55?
-2606
In base 7, what is 1304 - -12014?
13321
In base 8, what is -4452 + -455?
-5127
In base 14, what is 1 + -75da?
-75d9
In base 5, what is -441 + 13141?
12200
In base 11, what is -19333 + 2a?
-19304
In base 14, what is 3 - 278d?
-278a
In base 3, what is 200112 + -10000?
120112
In base 4, what is 2331 - 23121?
-20130
In base 11, what is -5 + 36149?
36144
In base 14, what is 21a9 - -38?
2203
In base 7, what is -135 - -14300?
14132
In base 12, what is 3428b + -3?
34288
In base 2, what is -1011001101010101010 - -1?
-1011001101010101001
In base 15, what is 28 + 2b1?
2d9
In base 3, what is -1110011 + -12?
-1110100
In base 9, what is 21 + 173?
204
In base 5, what is 3 + -2003430?
-2003422
In base 4, what is 11 + -11110313?
-11110302
In base 11, what is -2a840 - 24?
-2a864
In base 8, what is -170221 - -3?
-170216
In base 6, what is 14 + 32131?
32145
In base 16, what is 3 - 16b2?
-16af
In base 14, what is -30a3c2 + -3?
-30a3c5
In base 13, what is -3 + -8306?
-8309
In base 12, what is -1541717 + -4?
-154171b
In base 11, what is 57 + 5399?
5445
In base 13, what is 4 - 10246?
-10242
In base 3, what is -12220 - -20?
-12200
In base 10, what is 227 - 5?
222
In base 15, what is -120 + c?
-113
In base 16, what is -41 - -8d3?
892
In base 9, what is 1034176 + -2?
1034174
In base 10, what is -3015 + 61?
-2954
In base 7, what is -41513064 - 4?
-41513101
In base 13, what is -124c04 - -5?
-124bcc
In base 5, what is -33 + 13303?
13220
In base 11, what is 6 + 3a829?
3a834
In base 12, what is 1a112b + -2?
1a1129
In base 7, what is -16 - 2605?
-2624
In base 8, what is 1133 - -3256?
4411
In base 9, what is -445 + 230?
-215
In base 15, what is -4 + -1e7?
-1eb
In base 3, what is -10122 - 1200212?
-1211111
In base 16, what is 34 - 5625?
-55f1
In base 6, what is -1141 + 401?
-340
In base 7, what is 5 + 10350246?
10350254
In base 4, what is 301000012 + -20?
300333332
In base 8, what is 11 + 41253?
41264
In base 7, what is 30132 - -6?
30141
In base 5, what is 10 - -113310?
113320
In base 5, what is 2030 - 41?
1434
In base 16, what is -ce + -13?
-e1
In base 6, what is 5114 - -13423?
22541
In base 14, what is 708 + 35?
73d
In base 16, what is -22b7 - 95?
-234c
In base 10, what is 1757 + -6?
1751
In base 13, what is -10738 - -cb?
-1063a
In base 10, what is 1 - -7334?
7335
In base 12, what is a9 - -413?
500
In base 3, what is -1101122001 - -10?
-1101121221
In base 13, what is 11 - -2a?
3b
In base 9, what is 16 - 6457?
-6441
In base 3, what is 12010 - 202122?
-120112
In base 12, what is 30 + -5864?
-5834
In base 5, what is -1302303 + -231?
-1303034
In base 12, what is 2b + 11a56?
11a85
In base 5, what is -13332343 + -10?
-13332403
In base 13, what is -514 + -108?
-61c
In base 5, what is 103 + 2400220?
2400323
In base 16, what is -3 - 2023?
-2026
In base 9, what is 703125 + -1?
703124
In base 15, what is 608c8 + 4?
608cc
In base 15, what is 94b + -ae9?
-19d
In base 11, what is -8 + 3160?
3153
In base 5, what is -114 + 4410?
4241
In base 9, what is 2 - 265022?
-265020
In base 16, what is 2 + -25df9?
-25df7
In base 7, what is -3105 + 5?
-3100
In base 10, what is -27 + 16063?
16036
In base 16, what is -395ad3 - 3?
-395ad6
In base 4, what is 223021111 + 21?
223021132
In base 11, what is -a61 - 223?
-1184
In base 3, what is 0 - 10021011121?
-10021011121
In base 16, what is -fe56 + -1?
-fe57
In base 4, what is 103032021313 + -11?
103032021302
In base 2, what is -100 + -110101000000011110?
-110101000000100010
In base 13, what is a481 + -108?
a376
In base 6, what is -12031 - 1?
-12032
In base 9, what is -16023 + 360?
-15553
In base 15, what is 55bd + -dd?
54d0
In base 5, what is 20123100 + -21?
20123024
In base 9, what is 70867 - -108?
71076
In base 13, what is -1 + -352a7?
-352a8
In base 9, what is 2 + 24807?
24810
In base 6, what is 2414101 - 1?
2414100
In base 8, what is 263544 + -4?
263540
In base 6, what is -5 + 1241441?
1241432
In base 6, what is 41502 - -3315?
45221
In base 9, what is 5 + -778370?
-778364
In base 13, what is 39b1 + -a?
39a4
In base 9, what is 24 - -214?
238
In base 9, what is -2 + -422580?
-422582
In base 12, what is 37 - -834?
86b
In base 10, what is 3 + -233369?
-233366
In base 15, what is 0 - 43648?
-43648
In base 10, what is 20 + 9546?
9566
In base 14, what is -c88 - 5?
-c8d
In base 5, what is -3431341 - 4?
-3431400
In base 10, what is -3 + -1917?
-1920
In base 13, what is -66 - -7?
-5c
In base 16, what is -1da - 2cea?
-2ec4
In base 11, what is -7 - -1a670?
1a664
In base 8, what is -2712 + -206?
-3120
In base 12, what is -2 - -202b?
2029
In base 10, what is -161737 + 0?
-161737
In base 8, what is -17 + 324667?
324650
In base 4, what is 1200 - 20112?
-12312
In base 7, what is -3022 - -10?
-3012
In base 3, what is -1 + 221012210?
221012202
In base 5, what is -21 - -10133?
10112
In base 15, what is 19e + -318?
-169
In base 4, what is -121 + -212323?
-213110
In base 12, what is -1430 - -12?
-141a
In base 7, what is -1040 - 1363?
-2433
In base 15, what is 25b44 - 7?
25b3c
In base 12, what is 5552a - -1?
5552b
In base 11, what is 4 + -35328?
-35324
In base 9, what is -16681 + 2?
-16678
In base 9, what is 364578 - -4?
364583
In base 8, what is 3 + 41165?
41170
In base 8, what is -26 - 570577?
-570625
In base 4, what is 1 + -32133113?
-32133112
In base 16, what is 3 + -1dfe0?
-1dfdd
In base 9, what is -645 - 320?
-1065
In base 11, what is 4 - -86946?
8694a
In base 13, what is 2 + 1242c?
12431
In base 12, what is 17 + -94?
-79
In base 3, what is 1202 + 12010100?
12012002
In base 11, what is -9a51 + -4?
-9a55
In base 7, what is -1 + -3154341?
-3154342
In base 3, what is -2212 + -12210?
-22122
In base 7, what is -310421 - -1?
-310420
In base 5, what is -10 - 3121210?
-3121220
In base 4, what is -11031 - -11120?
23
In base 7, what is 13043 - -131?
13204
In base 12, what is 5 + -32b72?
-32b69
In base 15, what is -4e7 + -264?
-75b
In base 12, what is 289ab - 0?
289ab
In base 7, what is 21 - -131061?
131112
In base 3, what is 10212211 - -1?
10212212
In base 3, what is 101211020111 + 0?
101211020111
In base 16, what is -5 + 144?
13f
In base 4, what is 1212 - 101222?
-100010
In base 3, what is -11100 + -2011101?
-2022201
In base 7, what is 2 - 341234?
-341232
In base 14, what is 2 - -69c00?
69c02
In base 10, what is 1 - 1049?
-1048
In base 6, what is 10045 - 1251?
4354
In base 12, what is 89 + 851?
91a
In base 2, what is 101 - 111000000011011111?
-111000000011011010
In base 16, what is 18 - 128?
-110
In base 2, what is -1100100111110011 + 10?
-1100100111110001
In base 13, what is 1932 + -14?
191b
In base 8, what is 127 + 1120?
1247
In base 12, wh